) = -226*r**2 - r. Let w be s(-1). Let u be 1/4 - w/12. Let f = u + 44. What is the greatest common factor of f and 9?
9
Let v be (18/8)/((-1665)/(-3789096)) - (-4)/(-10). What is the highest common factor of 160 and v?
160
Let i = -1154 - -5466. Calculate the highest common divisor of i and 88.
88
Suppose 4*o - 796 = -f, -3*f - 190 = -3*o + 422. Let z be ((-9)/(-12) - (-280)/(-32))/2. Let t be 2/(-8)*z + 9. Calculate the greatest common factor of t and o.
10
Let p(z) = -2*z**2 - 10*z + 1. Let o be p(-7). Let k = -83 - o. Let f = -48 - k. Calculate the highest common divisor of f and 4.
4
Let c = -58843 + 58907. Suppose m - 5*o = 5*m - 10, 0 = -m + 3*o - 6. Let l be m*(-1)/(-2) - -8. What is the highest common factor of l and c?
8
Suppose 0 = 13*d + 93 - 704. Suppose -36*s = -d*s + 660. Calculate the highest common factor of 48 and s.
12
Let i be (5 + (-63)/12)/(3/(-276)). Suppose 3*r - r - 1760 = -5*f, r = 0. Suppose -5*o + f = 7. Calculate the greatest common divisor of o and i.
23
Suppose 3*h - z = 17191, -2*h - 4*z + 0*z + 11456 = 0. Calculate the greatest common factor of h and 30.
30
Suppose -16 = -b - l, -4*l = b - l - 12. Calculate the highest common factor of 591 and b.
3
Let l be (7 + -10)*(-2)/(1 - -1). Suppose -g - l = 0, -6*g = -4*w - 8*g + 1094. What is the greatest common divisor of 110 and w?
55
Let u be 20/(-35) + 204/14. Suppose -3*o + u = 4*o. Let m = -12 + 20. What is the highest common factor of m and o?
2
Let w = -648 + 679. Calculate the highest common divisor of w and 248.
31
Suppose -160 = 4*b - 576. Suppose 68 - b = -4*i. Suppose -5*a - 8 = -i*a. What is the greatest common divisor of 4 and a?
2
Let q be (-6)/(-12) + 6/4. Let k(o) = 7 - 9 + 9*o**2 - q*o + 0*o. Let w be k(-2). What is the greatest common divisor of 38 and w?
38
Suppose 0 = -2*o + 4, -6*m + 4*m + 3*o + 8256 = 0. Calculate the highest common divisor of 153 and m.
153
Let x(n) = n**2 - 9*n + 51. Let c be x(24). Let t = c - 335. Calculate the highest common factor of t and 342.
38
Suppose 0 = w - 2, 3*z + 6*w + 38 = 4*w. Let d be ((-1)/(-4))/(z/(-2128)). Let q = d - -11. Calculate the highest common divisor of 196 and q.
49
Let s be -66*(-26)/91*7/4. What is the highest common divisor of s and 6?
3
Suppose 0 = 5*y - 591 + 571. Suppose y*u - 4*r = 1360, 3*r = u + 6*r - 320. What is the greatest common factor of 5 and u?
5
Let z be ((-834 + 10)/(-8))/(6/714). Calculate the greatest common factor of z and 119.
119
Let p be -5 - (3 + 1) - -194. Suppose -2*g + 129 + p = 4*k, -2*k + g + 155 = 0. Let f be -13*(0 - (1 + 3)). What is the highest common factor of k and f?
26
Suppose 15*t - 54*t = 0. Suppose t = 746*g - 744*g - 900. What is the highest common divisor of g and 36?
18
Let k be (4 - 2/(-8)) + 2/(-8). Let n(a) = 10 - 1 - a**3 - 5*a**2 - 9 - k*a. Let g be n(-5). What is the highest common divisor of g and 5?
5
Let f(n) = n**2 + 20*n + 40. Let k be f(12). Suppose -259*a = -255*a - k. Calculate the highest common divisor of 265 and a.
53
Let r(t) = 36*t**2 - 7*t - 4. Let y be r(-1). Let q(a) = 35*a**3 - a**2 + a - 1. Let k be q(1). Let d = k - 31. Calculate the greatest common factor of d and y.
3
Let f(q) = 6*q + 37. Let i be f(-5). Let r be (i + -6)*(-27)/6*-6. Calculate the greatest common divisor of r and 3.
3
Let h(a) = 2*a**2 + 24*a + 322. Let s be h(-17). Calculate the highest common factor of s and 451.
41
Let s = -47 - -91. Let o be -7*12/(-14) - -192. What is the greatest common divisor of o and s?
22
Let h be (-26 + 23)/((-116)/22 - -5). What is the highest common divisor of h and 495?
11
Let z be (-1404)/195*(-80)/12. Calculate the highest common divisor of 408 and z.
24
Let j be (-30)/(-20)*8/(-6). Let k be (j - 380/(-16)) + 3/(-4). Suppose 2*s - 9*s + k = 0. What is the highest common factor of 21 and s?
3
Let f = -8803 - -18280. Calculate the highest common divisor of 13 and f.
13
Let x(w) = -w**3 - 57*w**2 + 33*w - 1420. Let b be x(-58). Calculate the highest common factor of b and 4335.
15
Suppose 526*m = 625*m - 99. What is the highest common divisor of m and 1607?
1
Let b(x) = -3*x + 477. Let k be b(83). What is the greatest common divisor of k and 6213?
57
Let r = 46 - 42. Let k be -2*(-3 + r) + 0. Let c = 13 + k. What is the greatest common divisor of c and 44?
11
Suppose 5*i = 4*l - 105, 4*l = 4*i + 27 + 85. What is the highest common factor of l and 1615?
5
Let k be 1/17 - (-6928)/136. What is the highest common factor of k and 81?
3
Let m(u) = -83*u - 978. Let k be m(-24). Calculate the greatest common divisor of 845 and k.
169
Suppose 0*r + 5*r = 3*r. Suppose v + 2*k + 0 - 42 = 0, r = 2*v - 3*k - 63. What is the greatest common factor of 90 and v?
18
Let h = -599 - -781. What is the highest common factor of h and 189?
7
Let a be 416 + (-1 + -2)/((-13)/(-39)). Calculate the highest common factor of 37 and a.
37
Let d(r) = 3*r - 115 + 118 + r**2 - 2*r**2 - r**2. Let h be d(2). Let q be ((-21)/h)/(-3) - 3. Calculate the greatest common factor of 2 and q.
2
Suppose -65 - 96 = g. Let j = 21 - g. What is the highest common factor of j and 14?
14
Let r(o) = o**3 - 25*o**2 + 24*o - 15. Let u be r(24). Let m be 48/u*(-2625)/42. Calculate the highest common divisor of m and 24.
8
Suppose -26 = -2*a + 48. Let m(x) = 6*x - 3. Let r be m(1). Suppose 0 = -3*t - t + 5*u + 750, -4*u + 547 = r*t. Calculate the greatest common factor of t and a.
37
Suppose 3 = 3*q, -u + 5*u = 3*q - 183. Let h = u + 43. Let o be 9 - (h - -3) - (1 + 2). Calculate the highest common divisor of 5 and o.
5
Let n = -17 + 81. Let j = 1118 + -1045. Let c = j - n. Calculate the highest common divisor of c and 27.
9
Let d(j) = -j**3 + 2*j**2 + 14*j - 28. Let k be d(4). Let i(c) = -12*c - 11. Let g be i(k). Calculate the greatest common divisor of g and 185.
37
Suppose 9*z + 2091 - 1254 - 1125 = 0. Calculate the greatest common factor of 562 and z.
2
Let n(l) = -43*l + 1683. Let a be n(9). What is the highest common factor of 64 and a?
16
Let h(s) = s**2 + 6*s - 381. Let l be h(-23). What is the highest common factor of 2230 and l?
10
Let c = 58 + -47. Suppose -2*r + c = a, 14 = 2*r - a - a. Suppose -r*w + 14 = -58. Calculate the greatest common divisor of w and 12.
12
Let o = -35 - -38. Suppose -o*f - g = -0*g - 127, -41 = -f + g. Let k be (((-1701)/6)/(-9))/(1/2). What is the greatest common divisor of k and f?
21
Let u(h) = -3*h + 61. Let r be u(18). Suppose 0 = r*q + 58 - 149. What is the greatest common factor of 65 and q?
13
Let c = 17756 + -17598. What is the greatest common divisor of 869 and c?
79
Let n(i) = -4*i**3 - 15*i**2 - 8*i - 39. Let q be n(-5). Calculate the highest common divisor of 36 and q.
18
Let a = -25982 + 26549. What is the greatest common factor of a and 621?
27
Suppose -29904 = -208*h - 59*h. What is the greatest common factor of h and 512?
16
Suppose -683*z + 678*z = -2130. Suppose -51 = 5*k + 3*d - z, 2*k - 3*d = 150. Let u be 3/(-2)*-2 + 97. What is the greatest common factor of u and k?
25
Let o be (105/(-4))/(300/(-800)). What is the greatest common divisor of o and 98?
14
Let a(x) = 12*x**2 + 19*x + 45. Let o be a(-3). Let g = -86 + o. What is the greatest common divisor of g and 8?
2
Let p = 5133 - -402. What is the greatest common factor of 30 and p?
15
Let u be (-4*(-4)/(-48))/((-1)/1875). Calculate the highest common factor of 75 and u.
25
Let q = 783 + -83. What is the highest common divisor of 56 and q?
28
Let v be (-4)/10 + (0 - 13772/(-55)). Let h = v + -140. Calculate the highest common divisor of h and 50.
10
Let h(s) = -s**3 + 11*s**2 + 6*s - 48. Let t(z) = z**2 + 1. Let f(y) = -h(y) + 4*t(y). Let w be f(7). Calculate the highest common factor of 90 and w.
10
Let q = -12 - -17. Suppose 4*m - 3 = q. Suppose -5*v + 51 - 21 = 0. Calculate the greatest common divisor of m and v.
2
Let m = 8144 - 8018. What is the highest common divisor of m and 126?
126
Let g(o) = -11*o - 19. Let c be g(-3). Let u be (94 - -32)/(-1 + c/13). Let w be (-2)/5 - u/(-45). What is the greatest common divisor of 72 and w?
36
Let d be -757*(4 + (7 - 12)). Suppose r = -d + 765. Calculate the greatest common factor of 36 and r.
4
Suppose 2*o = 7*o - h + 22, -5*o + 4*h - 13 = 0. Let d be (-9)/45 - 26/o. Suppose 5*a = 10, 4*n = -6*a + a + 230. What is the highe